e the greatest common divisor of 1398214 and 6194.
326
Calculate the greatest common divisor of 493 and 18653539.
17
Calculate the highest common divisor of 8024984 and 264.
88
What is the highest common divisor of 141 and 931083?
3
What is the greatest common factor of 8539734 and 294?
42
Calculate the greatest common divisor of 27610660 and 605.
55
What is the highest common factor of 115140 and 70642228?
7676
Calculate the greatest common factor of 13975 and 259426310.
2795
What is the greatest common divisor of 5 and 85646165?
5
What is the greatest common divisor of 3575104 and 1904?
16
What is the highest common factor of 1394 and 26089407?
697
What is the greatest common divisor of 3216 and 2931384?
1608
What is the greatest common factor of 32 and 74177560?
8
What is the greatest common divisor of 110348 and 7301?
49
What is the greatest common divisor of 1460 and 290257052?
292
What is the highest common factor of 208 and 2572258?
26
Calculate the greatest common divisor of 97024 and 520367.
379
What is the highest common divisor of 2944 and 18266784?
736
What is the highest common divisor of 22529 and 25480?
13
Calculate the greatest common divisor of 5272960 and 2871680.
4480
What is the highest common divisor of 3029 and 536832?
233
Calculate the highest common divisor of 5468251507 and 167.
167
Calculate the greatest common factor of 1022 and 273056427.
511
What is the greatest common factor of 1352794 and 27390730?
13394
What is the greatest common factor of 597 and 28541973?
597
What is the greatest common factor of 6089343 and 9750?
39
Calculate the highest common factor of 187415737 and 485.
97
What is the highest common divisor of 2894203 and 715?
13
What is the highest common divisor of 26746186 and 2214?
82
What is the greatest common divisor of 58148306 and 144337?
3901
What is the greatest common factor of 326 and 16452894?
326
Calculate the highest common divisor of 4367360 and 39936.
1024
Calculate the greatest common divisor of 53457 and 1533258.
309
Calculate the greatest common divisor of 46489724 and 1172.
1172
Calculate the highest common factor of 10227983 and 123.
41
What is the highest common factor of 70244385 and 15?
15
What is the highest common divisor of 213114526 and 152?
38
What is the highest common divisor of 1090 and 47555610?
1090
What is the highest common factor of 39296 and 6428288?
128
What is the highest common divisor of 5460214 and 590?
118
What is the greatest common divisor of 9885109 and 442?
221
What is the greatest common divisor of 29 and 6094553?
29
Calculate the highest common divisor of 5506596 and 117.
9
What is the highest common factor of 1606276168 and 14?
14
What is the highest common factor of 124 and 4729832?
4
What is the greatest common divisor of 20713 and 747164?
11
What is the highest common factor of 2375315 and 9860625?
8765
What is the greatest common factor of 4759609 and 136?
17
What is the greatest common factor of 1004728113 and 69?
69
Calculate the highest common factor of 9336 and 81675996.
4668
Calculate the highest common divisor of 232 and 332110204.
116
What is the highest common factor of 118416582 and 1290?
258
Calculate the highest common factor of 14507 and 410735.
89
What is the highest common divisor of 23 and 56391607?
23
Calculate the highest common factor of 674487 and 20574.
81
What is the greatest common divisor of 33190640 and 15680?
3920
What is the greatest common divisor of 39259193 and 20581?
1871
Calculate the greatest common divisor of 1078300 and 53450.
50
What is the greatest common divisor of 33545 and 428107999?
6709
What is the highest common factor of 21481230 and 87150?
2490
What is the highest common divisor of 26 and 1589001791?
13
Calculate the highest common factor of 2280 and 28156480.
760
Calculate the greatest common divisor of 5480 and 568920.
40
What is the highest common factor of 62772200 and 1900?
1900
What is the greatest common divisor of 71683 and 22407?
97
What is the greatest common divisor of 274086 and 7974?
18
What is the highest common factor of 8265 and 5532330?
435
Calculate the highest common factor of 188783863 and 178.
89
Calculate the greatest common factor of 3112 and 78779113.
389
What is the highest common factor of 593840 and 10712?
104
What is the highest common factor of 10878 and 5477892?
42
Calculate the highest common divisor of 83232 and 3502.
34
Calculate the greatest common factor of 19 and 406589151.
19
Calculate the greatest common factor of 528 and 142390512.
528
Calculate the greatest common factor of 340430320 and 10.
10
What is the highest common divisor of 14966106 and 860771?
6283
Calculate the greatest common divisor of 3526 and 220826.
82
What is the highest common divisor of 25523248 and 10672?
464
Calculate the highest common factor of 29274 and 2609568.
4182
What is the highest common divisor of 699 and 3314460183?
699
Calculate the greatest common factor of 127720593 and 2457.
819
What is the greatest common factor of 184016 and 1518503?
371
Calculate the greatest common divisor of 6042 and 666730672.
2014
Calculate the highest common factor of 14225413 and 306.
17
Calculate the highest common divisor of 1363427 and 2431.
13
What is the highest common factor of 6567726 and 561?
33
Calculate the highest common divisor of 2615936 and 560776.
1528
Calculate the highest common divisor of 3953898 and 4383.
9
What is the greatest common divisor of 6495666 and 188598?
4386
Calculate the greatest common factor of 369364882 and 2074.
2074
Calculate the highest common factor of 164222 and 27801634.
1046
What is the highest common factor of 9408 and 26365824?
192
What is the highest common factor of 196497736 and 1392?
232
Calculate the highest common factor of 18 and 44582049.
9
What is the highest common factor of 1444 and 237500?
76
What is the highest common divisor of 2197250 and 71400?
850
What is the highest common factor of 492 and 171895452?
492
What is the highest common divisor of 270130 and 22882?
34
What is the highest common divisor of 3134940 and 8220?
60
What is the highest common factor of 11267 and 568094?
593
What is the highest common divisor of 19799052 and 1092?
1092
Calculate the greatest common divisor of 29341 and 647907.
481
What is the highest common divisor of 200026177 and 13?
13
Calculate the highest common divisor of 9786 and 5586.
42
What is the highest common factor of 31128740 and 10?
10
Calculate the greatest common factor of 260913 and 783.
87
Calculate the greatest common factor of 24052720 and 11280.
3760
Calculate the highest common factor of 840232 and 4240856.
6616
What is the highest common divisor of 865 and 402924785?
865
What is the greatest common factor of 61556 and 275?
11
What is the highest common factor of 5 and 6565435?
5
Calculate the greatest common factor of 14560 and 380.
20
Calculate the greatest common factor of 4636 and 10972272.
76
What is the greatest common divisor of 8720635 and 110?
55
What is the greatest common divisor of 8680 and 620480?
280
What is the greatest common divisor of 5510 and 771902512?
1102
What is the highest common factor of 10022622 and 18042?
582
What is the greatest common factor of 114 and 2778294?
114
Calculate the highest common factor of 172515 and 1155135.
795
Calculate the greatest common factor of 4934866 and 1962.
218
What is the highest common divisor of 16533 and 1879317?
99
What is the highest common divisor of 10491007 and 9428?
2357
What is the greatest common divisor of 5537 and 832559?
49
What is the greatest common factor of 102195 and 124065?
135
What is the greatest common divisor of 59501 and 1157?
13
Calculate the highest common factor of 535 and 625901315.
535
What is the greatest common factor of 2230632 and 4554?
414
Calculate the highest common factor of 12561 and 52152.
159
What is the highest common divisor of 4220 and 4319590?
10
Calculate the highest common factor of 16443257 and 15245.
3049
What is the greatest common divisor of 25852 and 191406?
46
Calculate the greatest common divisor of 22811173 and 154.
77
What is the greatest common divisor of 26 and 11656398?
26
Calculate the greatest common divisor of 31980120 and 96.
24
Calculate the highest common divisor of 2026781 an